 k and 24.
12
Let q(y) = -8*y**3 + 4*y**2 + 5*y - 2. Let x be q(-2). Calculate the highest common divisor of x and 102.
34
Let p = 1936 - 1882. Calculate the greatest common factor of 171 and p.
9
Let w be (7*3/42)/(2/48). What is the highest common factor of 12 and w?
12
Suppose 4*c = n + 21, -4*c = 227*n - 223*n + 4. What is the greatest common factor of 20 and c?
4
Let n(c) = c - 35*c**3 - 21*c**2 + 72*c**3 + 29 - 38*c**3. Let a be n(-21). Calculate the highest common factor of a and 40.
8
Let g(n) = -n - 11. Let v be g(-16). Let m be (-1)/(-1 - 8/(-10)). Let r = m + -3. What is the greatest common divisor of r and v?
1
Let b = -1504 - -1629. Calculate the greatest common factor of 150 and b.
25
Suppose -4*l + 2*m + 1138 = 0, 0 = -3*l + 8*l + 4*m - 1442. What is the greatest common divisor of l and 338?
26
Let g(n) = 3*n**2 - 2*n + 7. Let u be g(3). Suppose -q + u = -57. What is the greatest common factor of 34 and q?
17
Suppose 0 = 8*b + 4*b - 1764. Let u = 196 - b. Let d = 0 - -7. What is the greatest common divisor of d and u?
7
Let a = -1821 - -2647. What is the highest common factor of a and 177?
59
Let l(k) = 4*k**3 - 5*k**2 + 10*k - 10. Let x be l(2). What is the greatest common factor of 594 and x?
22
Suppose 0 = -2*q + 9 - 1. Let j be (0 - q)*(-6)/8. Let b be (-4 - 2)*((-138)/12 - -11). Calculate the greatest common divisor of j and b.
3
Let n be (21/1)/(-1 - (-42)/60). Let g = n - -75. Calculate the greatest common factor of 55 and g.
5
Let w = -73 + -33. Let v = 186 + w. Calculate the highest common divisor of 32 and v.
16
Let i be (-4 - -170) + (-2 - -4 - 0). Calculate the greatest common factor of 126 and i.
42
Suppose -b + 3*b = 48. Let a = b - 21. Suppose 8*j - 2*y = a*j + 15, 3*j - y = 9. What is the highest common divisor of j and 27?
3
Suppose -2*n - 78 = 10. Let k = n - -48. Calculate the highest common divisor of k and 12.
4
Let n be 54 + 24/8 + -3. What is the greatest common factor of n and 1026?
54
Let z(j) be the third derivative of -j**4/24 + 9*j**3/2 + 18*j**2. Let u be z(-21). Calculate the greatest common factor of 60 and u.
12
Let j = -15 + 41. Let l = 32 - j. Calculate the highest common factor of 9 and l.
3
Suppose -62*p = -13721 - 1779. What is the greatest common factor of p and 100?
50
Suppose -2918*d + 990 = -2888*d. Let c be 1*3*(-2)/(-6). Suppose -2*z - c = -2*q - q, -q = 5*z - 23. Calculate the greatest common factor of q and d.
3
Let z be 15/((-45)/(-12)) + 9/3. Suppose -3*f - 3*g + 1 = g, -f + 5*g + 32 = 0. Calculate the highest common divisor of z and f.
7
Let k be (41 - -5)/((-6)/(-3)). Let w(z) = -5 - 14*z + k*z - 6*z**2 - z**3 - 17*z. Let c be w(-5). What is the highest common factor of c and 70?
10
Suppose -5*t = -0*t - 1980. Suppose t = 7*a - 3*a. Let k = a + 141. What is the highest common divisor of 30 and k?
30
Let g be ((-204)/(-9) + -4)*(-9)/(-12). Suppose x = 14 + 14. What is the highest common factor of x and g?
14
Let n = 52 + -97. Let o be 1/5 + 54/n. Let z be 34 - o*(-6)/(-3). Calculate the greatest common factor of z and 90.
18
Suppose 88 = -30*u + 508. What is the highest common factor of u and 18?
2
Let n be -11 + ((-12)/(-4) - 1) + 3. Let j be n/4*52/(-39). What is the highest common factor of 22 and j?
2
Suppose -2*b + 96 = -594. What is the highest common factor of b and 23?
23
Let r be (-4 + 85)*(-2 - (-64)/12). What is the greatest common divisor of r and 90?
90
Let c be -8 + 6 + 1 + -45. Let g = -43 - c. What is the greatest common divisor of 1 and g?
1
Suppose -4*m - 8*r + 9*r + 1799 = 0, -3*r = -4*m + 1797. What is the greatest common divisor of m and 25?
25
Let i = 869 + -851. Calculate the greatest common factor of 18 and i.
18
Let w be (-15 - -16) + 2*31. Let u = -3 + 8. Suppose 9 = f - u*m, -8*m + 27 = 3*f - 4*m. What is the greatest common divisor of f and w?
9
Let u = 79 + -53. Suppose -3*c - 185 = -4*c + 3*i, 0 = 5*i + 5. What is the highest common divisor of u and c?
26
Let q be 53 - (-4)/12*-6. Let u = q + -43. What is the greatest common factor of u and 152?
8
Let q be (3/1)/((-39)/(-689)). What is the greatest common divisor of q and 265?
53
Suppose -4*b + 2*m = -271 - 123, -b + 4*m + 102 = 0. What is the highest common factor of b and 2156?
98
Let s = 645 - 453. Calculate the highest common factor of s and 12.
12
Let l be (0/4 - -1)*0. Suppose 3*x - 4*k + 2*k - 6 = 0, l = 3*x + 3*k - 21. Calculate the highest common divisor of 12 and x.
4
Let x(z) = -z + 7. Let i be x(2). Suppose 2*g = 2*j + 264, 0 = -3*j - 7 - i. Calculate the greatest common divisor of g and 16.
16
Let z(t) = 6*t + 146. Let n be z(-21). What is the greatest common divisor of n and 180?
20
Suppose 0 = 10*x + 76 - 206. Let f(w) = -6*w**3 + w**2. Let m be f(-2). Calculate the highest common divisor of m and x.
13
Suppose 26*u = 22*u + 1216. What is the greatest common factor of 38 and u?
38
Suppose h = u + 12 + 4, h + 5*u = 10. Suppose 0 = -2*i, -5*a + h = -2*i + i. Let d = -1 + a. What is the highest common divisor of 10 and d?
2
Let w = -2784 + 2958. What is the highest common divisor of w and 1160?
58
Suppose -2*a + 3*b = -91 - 208, -4*a + 3*b + 583 = 0. Let g = a + -119. Calculate the highest common divisor of 23 and g.
23
Let x be 3 - (-3 - -3)/4. Suppose 594 = 3*o + x*o. Let w = o - 8. Calculate the highest common divisor of w and 13.
13
Let o = 40 + -56. Let m be (o + 11)/((-1)/11). Let b be 3 - -18 - (-3 - -2). Calculate the highest common divisor of m and b.
11
Let i = -5 - 2. Let l(o) = o**2 + 6*o - 13. Let n be l(i). Let p be 1350/20*(-4)/n. What is the highest common factor of 5 and p?
5
Let d(t) = -t + 36. Let x be d(0). Calculate the greatest common divisor of x and 324.
36
Suppose -163 + 135 = -4*a. What is the highest common factor of a and 203?
7
Let k(r) = -r**2 - 3*r + 5. Let f be k(-3). What is the highest common factor of 40 and f?
5
Let i be 17/34 - 37/(-2). Calculate the highest common factor of 323 and i.
19
Let a(k) = 99*k**2 + 22*k - 50. Let b be a(2). Calculate the highest common divisor of b and 234.
78
Let h be ((-60)/(-120))/(1/10). What is the greatest common divisor of h and 655?
5
Suppose -4*j + v + 84 = -v, -2*j - 4*v = -32. Let f = j - 1. Suppose 0 = 5*n + 25, -n - 12 = 5*x - 292. What is the highest common divisor of x and f?
19
Let v(h) = h**3 + 10*h**2 + 22*h + 393. Let i be v(-11). Suppose -3*j = -4*n - 42, -4*j = 2*n - 59 + 25. What is the highest common divisor of i and j?
10
Let n = 12 - 9. Suppose -3 = n*k + 3, -3*k = a - 111. Calculate the highest common divisor of a and 13.
13
Let n = 362 + -347. Calculate the highest common factor of 75 and n.
15
Let m(s) = -7*s + 8 + s**3 - 2*s + s - 3*s**2. Let o(p) = p**2 + 25*p + 71. Let k be o(-22). Let u be m(k). What is the highest common divisor of 45 and u?
9
Let l be ((-450)/(-126) + -7)/(2/(-161)). Calculate the greatest common divisor of l and 2.
2
Let v(c) = 5*c - 25. Let y be v(6). Suppose 0 = 3*f + y - 113. Calculate the highest common factor of 144 and f.
36
Suppose -7*d - 4*x - 453 = -12*d, -3*d + 3*x = -270. Calculate the greatest common factor of d and 3.
3
Let c = -247 - -299. What is the greatest common factor of 52 and c?
52
Let y(j) = -j - 5. Let h(a) = 6. Let f(b) = -3*h(b) - 4*y(b). Let m be f(6). Suppose -2*r + 104 = -m. What is the highest common divisor of 26 and r?
13
Suppose -3*g - 98 = 109. Let m be -2*4/8*g. Let r = -220 + 266. What is the greatest common divisor of m and r?
23
Let p(o) = 3*o - 11. Let a be p(9). Let n = 82 + -74. What is the greatest common factor of n and a?
8
Let n be 5*-2 + (-434)/(-14). Let w(z) = 2*z**2 - 10*z - 6. Let q be w(8). What is the highest common factor of q and n?
21
Let q = 266 - 245. What is the highest common divisor of q and 42?
21
Let w be 3/2*(2 + 0). Let c(k) be the second derivative of 4*k**3 - 3*k**2 - 32*k + 1. Let q be c(w). Calculate the highest common factor of 6 and q.
6
Let v be 54/(-162) - (1740/(-9))/4. Calculate the greatest common factor of 1296 and v.
48
Let k(z) = 4 + 0*z**3 - 23*z**2 + 2*z**3 - z**3 + 4*z + 27*z**2. Let u be k(-2). Calculate the greatest common factor of 12 and u.
4
Suppose i - 17 = 19. Let s = -47 - -10. Let k = s - -46. Calculate the highest common divisor of k and i.
9
Let n = -96 + 103. Suppose 0 = n*a - 3*